r**2 - 30*r - 7. Let p(b) = 4*l(b) - 5*y(b). Determine p(-11).
3
Suppose 0 = 4*v - 3*v + 5, 4*g - 2*v = 2. Let c(t) = -17*t + 4. Calculate c(g).
38
Let x(b) = 21*b**2 + 19*b**2 - 43*b**2 - b - 3 + 4 - b**2 - b. Suppose 0 = 4*n - o - 5, n - 1 = -3*o - 3. Calculate x(n).
-5
Let t(d) = 3*d**3 - 3*d**2 - 3*d - 1. Let b = 652 + -654. Calculate t(b).
-31
Let w(b) = b**3 - 13*b**2 - 21*b + 105. Let k(f) = -866*f + 14. Let o be k(0). Determine w(o).
7
Let n(v) = -v**2 + 2*v + 19. Let w be (19 - (-695)/(-35))/(1/(-7)). What is n(w)?
-5
Let w(q) = q**3 + 31*q**2 - 56*q - 39. Let x be w(-33). Let k = -381 - x. Let a(c) = -c**2 - 13*c - 10. What is a(k)?
2
Let m(l) be the first derivative of l + 66 - 2*l**3 - 2*l**2 - 1/4*l**4. Give m(-5).
-4
Let h(f) = -13*f + 37*f - 2 - 23*f. Suppose v - 22 = -5*w, 0*w + 3*w + 4*v = 3. Suppose 4*t = 5*c + 48, 2*c + 5 + 1 = -w*t. Determine h(c).
-10
Let s(x) = -x**2 - 6*x - 3. Suppose 6 = -4*d + d. Let n be (d + 4 + -1)*5. Suppose 3*i = -6, n*z + i = 3*i - 26. Give s(z).
-3
Suppose 5*t + 47 - 7 = -5*j, 2*t - 19 = 5*j. Let h(o) = 12*o + 15. Determine h(t).
-21
Let j = 2 + 15. Suppose j = -3*a - 4. Let o(u) = u**3 + 7*u**2 - 2*u - 2. What is o(a)?
12
Let v(f) = f**3 - 3*f**2 - 11*f + 43. Let i be v(5). Let h(p) = 9 + p**3 + 40*p - i*p - 2*p**3 + 3*p**2. What is h(4)?
1
Let t be 10*-35 - (20 - 26). Let q = -338 - t. Let z(d) = d**3 - 6*d**2 + 6*d - 1. What is z(q)?
35
Let w(q) be the first derivative of -10*q + 1/2*q**2 + 14. Calculate w(10).
0
Let v(b) = 10*b**3 - b**2 + 2*b - 2. Suppose 25 = -t + 4*l + 18, -5*l = -5*t - 5. Determine v(t).
9
Suppose 2*n = -2 + 6. Let f(w) = 13 - 5*w**n - w**2 + 7*w**2 - w. Suppose -5*q = 5*d - 15, d - 4*q + 15 = q. Calculate f(d).
13
Let g(f) = 6249 - 12519 - 26*f + 6228 + 47*f**2 + 2*f**3. Give g(-24).
6
Suppose -3*u - 4*s + 10 = 0, 2*s + 0 - 16 = 4*u. Let y(a) be the first derivative of -9 + 0*a**2 - 1/2*a**4 - 2/3*a**3 - 2*a. Give y(u).
6
Suppose -20 = -4*x, -8*x + 15 = 5*r - 13*x. Let p(t) = 7*t**2 - 55*t - 7. Let m be p(r). Let c(i) = -i**2 - 2*i + 1. Calculate c(m).
-2
Let n(h) = -h**2 - 11*h - 2. Suppose 0 = -4*f - 3*z - 5, 3*f - 2*f + 4*z + 11 = 0. Let g(k) = -2*k - 1. Let c(q) = f*n(q) + 2*g(q). What is c(-14)?
10
Let v(b) = -30*b + 2. Let c be 4*(4/4 - 8). Let m(f) = -2*f. Let y(z) = c*m(z) + 2*v(z). What is y(10)?
-36
Let h(x) be the first derivative of x**2 - 10*x - 5. Let n(q) = -98*q + 499. Let p be n(5). Calculate h(p).
8
Let a(u) = 2*u**2 + 10*u + 6. Let t = -47 + 148. Let k = 95 - t. Give a(k).
18
Let u be 1/(-4) - 108/24*(-4)/8. Let y(i) = i**2 - 11*i + 14. Calculate y(u).
-4
Let u(b) be the third derivative of 5*b**4/12 + 6*b**3 + 6147*b**2. Give u(5).
86
Let s(q) be the third derivative of 0*q - 41*q**2 - 5*q**3 + 1/24*q**4 + 0. Give s(0).
-30
Let x(b) be the third derivative of b**7/1260 + b**6/90 + b**5/60 - 19*b**2. Let u(c) be the third derivative of x(c). Determine u(6).
32
Let m(d) = -12*d**2 + 13*d + 4. Let o(j) = 3*j**2 - 7*j + 2. Let l(u) = -u**2 + 1. Let h(n) = 4*l(n) - o(n). Let a(c) = 5*h(c) - 3*m(c). What is a(5)?
3
Let a be 3 - 15 - -5 - -5. Let v(b) = 5*b**3 - 3*b**2 + 4*b - 2. Let i(j) = 9*j**3 - 5*j**2 + 7*j - 3. Let q(z) = 4*i(z) - 7*v(z). What is q(a)?
-2
Suppose 0*p - 4*p = h - 19, p = -5*h. Suppose 21 = o + 4*z, p*z - 36 = -2*o - 0*o. Suppose o*t + 24 + 15 = 0. Let m(l) = -2*l**2 + 2*l + 3. Determine m(t).
-21
Let a be 4/14 - (-23)/(-7). Let r(x) be the second derivative of -x**4/3 - x**3/2 + 10148*x. Give r(a).
-27
Let a be ((-5)/(40/(-384)))/2. Let u(i) = 4*i**3 + 2*i. Let g be u(2). Suppose a - g = -3*q. Let h(d) = d**3 - 5*d**2 + 5*d - 6. Calculate h(q).
-2
Let y(q) be the third derivative of -q**6/120 + q**5/12 - q**4/12 - q**3/2 - 2*q**2 + 342*q. Let k = -34 - -74. Let i be (1/2)/(5/k). Calculate y(i).
5
Let r(l) = l**2 + 7*l + 3. Suppose -1374*t + 1380*t - 72 = 0. Let k(h) = -h**2 + 18*h - 77. Let j be k(t). What is r(j)?
-7
Let k be -7*-3*(-3)/(-9). Let s = k + 31. Let t = 43 - s. Let y(o) = -o**3 + 5*o**2 - o - 2. Calculate y(t).
-7
Let x(d) = -155*d**2 - 8*d + 2*d - 9*d + 153*d**2 - 22 + 0*d. Give x(-7).
-15
Let t(y) = y**3 + 35*y**2 + 36*y + 72. Let a be t(-34). Let i(o) = o + a*o + 0*o - 2*o - 3*o**2 + 2 + 2*o**2. What is i(4)?
-2
Let r(h) be the third derivative of 0 + 3/2*h**3 + 7/24*h**4 + 0*h - 1/60*h**5 - 2*h**2. Let a(l) = 78*l + 1489. Let x be a(-19). What is r(x)?
9
Let d(i) = 3*i**2 - 2*i**2 + 0 - 2 + 5*i. Let s(x) = 10*x + 122. Let m be s(-11). Let y be m*4*6/(-48). Give d(y).
4
Suppose 2*q + 3 = 4*h + 5*q, 0 = 2*h + 3*q + 3. Let a(y) be the second derivative of -29*y - 1/20*y**5 + 0 - 1/2*y**3 + 1/4*y**4 - 2*y**2. Determine a(h).
-13
Suppose -168 + 177 = 3*d. Let r(j) = -2*j**d - 136 - 144 + 277 - j**2 + j**3 + 5*j. Give r(-3).
0
Let l(r) = -2*r**2 + 14*r + 119. Let k be l(12). Let a(s) = s - 3. Let w(i) = -5*i + 23. Let v(g) = k*w(g) - 4*a(g). What is v(15)?
4
Let k(f) = 25*f - 122. Let n be k(5). Let x(g) = -2*g**2 + 4*g**2 - 7*g**2 + 3*g**2 - 2*g - g**n. Give x(-3).
15
Let q(x) = -x**3 - 2*x**2 + 6*x - 10. Let v(s) be the third derivative of s**6/120 - 7*s**4/24 + 3*s**3/2 - 19*s**2. Let h(k) = 3*q(k) + 4*v(k). Calculate h(7).
-15
Let s = 5 + -6. Let j(w) = 9*w - 65. Let c(p) = 4*p - 28. Let m(o) = -7*c(o) + 3*j(o). What is m(s)?
2
Suppose u + 0*m + 2*m = 14, -5*u + m + 26 = 0. Let n(a) be the third derivative of -a**4/8 + 4*a**3/3 + 16105*a**2. Determine n(u).
-10
Suppose -2*p = 2*p + 28. Let b(m) be the first derivative of m**4/24 + 2*m**3/3 - 6*m**2 + 3*m + 55. Let w(k) be the second derivative of b(k). Give w(p).
-3
Let y(n) = -4*n**2 - n. Suppose 2*t - 35 = -9. Suppose -3*s - 1 = -t. Let i be (1*3)/(7 - s). What is y(i)?
-5
Let f(c) = -96*c**3 - 112*c**2 - 104*c + 80. Let t(h) = 34*h**3 + 38*h**2 + 35*h - 27. Let m(b) = -6*f(b) - 17*t(b). Determine m(14).
-7
Let t(x) = x - 50. Let j(q) = -10*q + 154. Let n(k) = -j(k) - 4*t(k). Calculate n(-10).
-14
Let p(z) = z**2 - 10*z - 12. Let h be ((-10)/(-2))/(-6*(-7)/672). Suppose 16*l = 24*l - h. Calculate p(l).
-12
Let r(a) be the third derivative of -a**6/120 + 2*a**5/15 - 3*a**4/8 + 13*a**3/6 - 1161*a**2 - a. Suppose 2*o - 8 - 1 = -5*k, 2*k = -5*o + 33. Determine r(o).
-1
Let d(u) = -u**2 - 5*u - 3. Let i = -140 - -143. Let r be (-144)/36 + (1 - i). Determine d(r).
-9
Let u(y) be the second derivative of -23*y**3/6 - 11*y**2/2 + 1065*y. Give u(2).
-57
Let v(m) = -14*m - 111. Let n(k) = 71*k + 603. Let d(z) = -2*n(z) - 11*v(z). What is d(-5)?
-45
Suppose -3*i + 9 - 5 = -2*l, -i + 5*l + 23 = 0. Let x(k) = -7*k - 16. Determine x(i).
-2
Let j(h) = 115*h**2 + 5*h - 116*h**2 - 22 - 7*h - 12*h. Calculate j(-11).
11
Suppose 864*o - 315 = 1762*o - 863*o. Let p(z) be the second derivative of 3*z**2 + 1/6*z**3 + 2*z + 0. What is p(o)?
-3
Let n(z) = -z - 7. Suppose 3*m = -2*b - 4, 5*b + 0*b - m + 27 = 0. Let g be (7 + -7)/(b - -7). Determine n(g).
-7
Let l(n) = -35*n + 161. Let p(z) = -z**3 + 7*z**2 - 41*z + 535. Let a be p(9). Calculate l(a).
21
Let n(l) = l**2 - 3*l. Let q(d) = -10*d - 186. Let s(k) = k**3 + 6*k**2 - 14*k - 3. Let h be s(-8). Let m be q(h). Determine n(m).
4
Let o(v) = -v + 7. Suppose 2*h + 3 = i - 1, -i = -h - 3. Let b(q) = -1. Let f(m) = h*o(m) - 6*b(m). Suppose 0 = 2*x + 2, r = 2*r - 2*x - 8. Give f(r).
5
Let c(g) = -g**2 + g - 5*g - 1 - g. Suppose 0 = 10*s - 20 - 20. Let y be -1 - (1*(s - 6) + 7). Give c(y).
-7
Let r(a) = a**3 - 17*a**2 + 22*a - 50. Let v be r(16). Suppose -6*s - 10 = -v. Suppose -s - 19 = 5*i. Let c(p) = -p + 2. What is c(i)?
7
Let n(g) = -6*g - 4*g**2 - 357 - 356 + 3*g**2 + 0*g + 709. Let t be (-8)/(-3)*(-6)/4. Give n(t).
4
Let o(f) = f**3 + 5*f**2 + 4*f - 3. Suppose -2*d - 52 = -52. Suppose d*a - 3*a - 9 = 0. Calculate o(a).
3
Let g(m) = -m**3 + 7*m**2 + 5*m + 23. Let t(d) = -d**3 - 54*d**2 - 144*d - 4815. Let k be t(-53). What is g(k)?
-1
Let y(f) = -5*f + 6. Let u(p) = -6*p + 7. Let w(m) = 6*u(m) - 7*y(m). Let d be -546*(-12)/(-8)*(-13)/13. Suppose -833*c + 56 = -d*c. Determine w(c).
-4
Let a(r) = 29104 - 14596 + 6*r - 14616. Calculate a(19).
6
Let a(x) = 1260913*x - 1260895*x - 52 - x**2 + 2*x**2. Calculate a(-21).
11
Let v(f) = -10*f**3 + 13*f**2 + 7*f - 7. Let j(g) = 7*g**3 - 9*g**2 - 4*g + 4. Suppose 3*h - 2 = 7, -3*h = 5*s + 16. Let